t m(a) = -a**2 + 18*a - 67. Suppose 5*w - 2*i - i - 438 = 0, 2*w - 3*i - 168 = 0. What is the remainder when w is divided by m(8)?
12
What is the remainder when 264 + 15/50*30 is divided by 33?
9
Let v(x) = 112*x - 54. Let j(z) = -75*z + 37. Let m(a) = -7*j(a) - 5*v(a). What is the remainder when 31 is divided by m(0)?
9
Let c be (-1)/(((-4)/368*-4)/(-1)). Suppose 0 = -c*w + 248 + 856. Calculate the remainder when 236 is divided by w.
44
Suppose 0 = 96*q - 104*q + 40. Suppose 83 = 3*x - 2*i, -5*x - q*i + 130 = -0. Calculate the remainder when 294 is divided by x.
24
Suppose -35 = 5*f, 0 = 6*v + 7*f - 4*f - 2181. What is the remainder when v is divided by 33?
4
Let t(n) = -7 + 6*n + 9 + 3. Let f be t(3). Suppose 2*o + 3*m = f, -4*o - 4*m = -5*m - 81. Calculate the remainder when 112 is divided by o.
17
Suppose -3*o + t = -863, -5*o + 20*t + 1425 = 21*t. Let b = -257 + o. What is the remainder when b is divided by 2/4 + (-140)/(-8)?
11
Let i(s) = 19*s**2. Let w be (-21)/(-14)*-2 + 5. Suppose w*j = -5*z + 44, -28 = -4*j - 0*z + 5*z. Calculate the remainder when i(-1) is divided by j.
7
Suppose 16*z - 17*z - i + 66 = 0, 2*z + 4*i - 142 = 0. Calculate the remainder when z is divided by 30.
1
Let a be (4/1)/((-2)/(-3)). Let v(q) = -26 - 2*q + 2*q**2 + 18 + 18*q - 7*q. What is the remainder when v(a) is divided by 24?
22
Let v(g) = 101*g - 1266. What is the remainder when v(16) is divided by 340?
10
Let w = 246 + -113. Suppose 0 = -w*l + 114*l + 1995. What is the remainder when l is divided by 23?
13
Let y(h) = h**2 + h - 27. Let o = 154 + -145. Let s be y(o). Let f = -23 + s. Calculate the remainder when f is divided by 11.
7
Let v(p) = -2*p + 36. Let o be v(0). Let x = -31 + o. Suppose 3*d - 4*d + 79 = 2*a, 0 = -x*a + 5*d + 175. Calculate the remainder when a is divided by 10.
8
Let q(l) = l**3 - 3*l**2 - 2*l + 5. Let c be 2/8 + 440/32. Suppose 0 = -2*m - 8 + c. What is the remainder when q(0) is divided by m?
2
Let y(l) = l**2 - 5*l - 142. Suppose -3*r - 3*q = -4*q + 26, 2*r + 36 = -4*q. Calculate the remainder when 14 is divided by y(r).
6
Suppose -2*n + 109 = 31. Let z(c) = c + 2. Let g be z(2). Suppose 0 = -r + 4*d + 4, 5*r + 1 = g*d + 37. What is the remainder when n is divided by r?
7
Calculate the remainder when 1319 is divided by 1088/(-24)*(-114)/152.
27
Let v = 16 - 4. Let n = 25900 - 25783. Calculate the remainder when n is divided by v.
9
Suppose -38*m + 2872 + 2311 = -1163. Calculate the remainder when 606 is divided by m.
105
Suppose 4*p - 5*k = 5476, -4749 - 715 = -4*p + 2*k. What is the remainder when p is divided by 194?
6
What is the remainder when 1349 is divided by -3 - 224/(-7) - 12/3?
24
Let i be (-31 + 32)*(2 + -1). Let u be i/(0 + 3 + (-32)/12). Suppose -3*c = -g - 26, 3*g + 0*g = u*c - 18. Calculate the remainder when 16 is divided by c.
6
Suppose 4119 + 13227 = 42*o - 0*o. What is the remainder when 1247 is divided by o?
8
Let i be 3/2*80/30. Suppose 2*r = i*t - 182, 2*t - 4*r - 116 + 40 = 0. Let k = t - 44. Calculate the remainder when 39 is divided by k.
3
Calculate the remainder when ((-1992)/(-60) + -8)/((-1)/(-5)) is divided by 41.
3
Let b = -9 + 19. Let k(i) = -18*i - 718. Calculate the remainder when k(-42) is divided by b.
8
Suppose 0 = -m - 5*i + 3*i + 12, 3*i = -5*m + 32. Let g(s) = 12*s - 24. Calculate the remainder when g(3) is divided by m.
0
Let q(x) = 2*x**2 - 5*x + 1. Let b = 131 + -131. Calculate the remainder when q(7) is divided by (-12 + -1)/(b - (0 - -1)).
12
Suppose 5*v = -10, -5*f = -f + 2*v - 32. Let b = -45 - -45. Suppose b = -j - 78 + 90. Calculate the remainder when j is divided by f.
3
Suppose -26310 = -28*h - 230*h + 142422. What is the remainder when 1972 is divided by h?
10
Let l = 14 + 6. Suppose -3 + 4 = 4*i - 7. Calculate the remainder when l is divided by i.
0
Let y(s) = -10688*s + 9. Let k be y(1). What is the remainder when k/(-724)*(3 - (-1 + 0)) is divided by 12?
11
Let a(l) = 7*l**2 + 7*l - 2. What is the remainder when 3455 is divided by a(-2)?
11
Let t = 11565 + -5508. What is the remainder when t is divided by 101?
98
Let m = -2331 - -2956. Calculate the remainder when m is divided by 52.
1
Suppose 3*t = 2*y + 28 - 54, -5*t - 10 = 5*y. Let d = 223 + -153. Calculate the remainder when d is divided by y.
2
Let k(p) be the third derivative of p**6/120 + 2*p**5/5 + 13*p**4/12 + 13*p**3 - 4*p**2 - 12. What is the remainder when 186 is divided by k(-23)?
6
Let z(g) = -3*g**2 - 172*g + 558. What is the remainder when z(-59) is divided by 133?
130
Let z = 299 - 90. Suppose -z + 34 = -5*p. What is the remainder when 67 is divided by p?
32
Suppose -4*r + 36 = -4*s + 4, 5*r - 20 = s. Suppose -15*y + 5*w - 35 = -17*y, -r*y + 65 = 5*w. Calculate the remainder when 148 is divided by y.
28
Calculate the remainder when (-5 + 4)/((-1463)/(-5908) - (-4)/(-16)) is divided by 47.
46
Let j = 61 - 34. Let k = 29 - j. Suppose 2*a = -4*l + 42, -4*a - l + 99 = k*l. What is the remainder when 77 is divided by a?
23
Let z = 11644 + -11636. What is the remainder when 142 is divided by z?
6
Let p(s) = s**2 + 8*s - 12. Suppose 5*x - 14 = y + x, -y - 4 = -2*x. What is the remainder when p(y) is divided by 20?
12
Suppose 0 = -35*z + 1715 + 13440. Calculate the remainder when z is divided by 257.
176
Let o be (-3 - 10)/(1 + -2). Let u(w) = 3*w - 5. What is the remainder when -3 + (3 + -4 - -138) is divided by u(o)?
32
Suppose 211*z = -112*z - 22163 + 403949. What is the remainder when z is divided by 357?
111
Calculate the remainder when -7*1 - 15*(-4334)/66 is divided by 82.
76
Suppose -2*h + 187 = 5*b, 4*b + 0*h = -3*h + 151. What is the remainder when ((-2)/9)/((-1158)/640953) is divided by b?
12
Let y be (-1113)/(-14) + (-2)/(-4) + 5. Suppose 161 + y = 41*r. Calculate the remainder when 46 is divided by r.
4
Let a(g) = -2*g**2 - 69*g + 31. Let m be a(-35). Calculate the remainder when 94 is divided by 13 + (-1)/m + 18/24.
10
Suppose 4*m - 4*u = 192, -2*m - 6*u + 80 = -4*u. Let z = -36 + m. What is the remainder when 38 is divided by z?
6
Let h = 14818 - 13436. Calculate the remainder when h is divided by 90.
32
Let t(y) = -4*y**2 - 4*y + 105. Calculate the remainder when 521 is divided by t(0).
101
Let f = 322 - 316. What is the remainder when (-26 - -30)*f/4 + 62 is divided by 20?
8
Suppose 0 = -5*j - 2*q + 114, 0*q - 5*q - 15 = 0. Suppose 42 = 3*g + 4*n, -4*g + j = n - 19. What is the remainder when 148 is divided by g?
8
Suppose 367 = 40*q - 37*q - 2*n, -3*q + 342 = 3*n. Calculate the remainder when q is divided by 84.
35
Calculate the remainder when 193 is divided by (4 - 27/6)*-26.
11
What is the remainder when 1331 is divided by -3*44/(-3)*10/(-25)*-5?
11
Suppose -10*m = -11*m + 19. Suppose -17*f - 2 = -m. Calculate the remainder when 2 is divided by f.
0
Suppose 38*i = 1084 + 1348. Calculate the remainder when 219 is divided by i.
27
What is the remainder when 2*4/(-6)*47925/(-60) is divided by 153?
147
Let w = -217778 + 217824. Let t(a) = 145*a**2 + a + 1. Calculate the remainder when t(-1) is divided by w.
7
Suppose -2*p - 117 = -563. Let t = -207 + p. Calculate the remainder when 142 is divided by t.
14
Calculate the remainder when (-10)/15*-4189 + 74/(-111) is divided by 19.
18
Suppose -117 - 513 = -15*o. Let a = -412 + 702. What is the remainder when a is divided by o?
38
What is the remainder when (499*4/10)/(106/795) is divided by 186?
9
Let m(r) = r**3 - 8*r**2 + 12*r - 6. Let w be m(8). Calculate the remainder when -10*(-2)/w + (-1418)/(-18) is divided by 15.
4
Calculate the remainder when (66/(-33))/((-567)/1400 + (-2)/(-5)) is divided by 190.
20
Calculate the remainder when 7428 is divided by 692*3/108 + ((-116)/36 - -3).
18
Let x be (40 + -42)*(0 + 1) + 0. Calculate the remainder when 92 is divided by 4 + -2 + x + 3 + 21.
20
Suppose -5*i + 3*t = -46, -i + 4*t = -34 + 18. Suppose 0 = -i*h + 517 + 115. Calculate the remainder when 147 is divided by h.
68
Suppose 0 = 4*y + 48 - 88. Suppose -5*b - 5*j - 105 = -3*j, -2*j - y = 0. Calculate the remainder when 109 is divided by b/(-190) + (-219)/(-10).
21
Suppose -4*g + c + 26 = 3*c, 5*c = 5*g - 10. Suppose -g*a + 20 + 110 = 3*m, 4*a = -m + 41. What is the remainder when m is divided by 4?
1
What is the remainder when (-556)/(-3058) - (4086/(